{"id":42,"date":"2017-11-08T05:28:31","date_gmt":"2017-11-08T05:28:31","guid":{"rendered":"http:\/\/kristlsurpc.local\/?page_id=42"},"modified":"2025-06-20T17:29:30","modified_gmt":"2025-06-20T15:29:30","slug":"accueil","status":"publish","type":"page","link":"https:\/\/www.kristl.fr\/","title":{"rendered":"accueil"},"content":{"rendered":"<p>Coiffeuse exp\u00e9riment\u00e9e et passionn\u00e9e, je d\u00e9sire mettre mes comp\u00e9tences \u00e0 votre service en accord avec mes convictions, c&rsquo;est \u00e0 dire dans le respect du cheveu, de la personne et de la nature.<\/p>\n<p>Je me d\u00e9place chez vous\u00a0 dans le secteur de Ch\u00e2tenay-Malabry (92).<\/p>\n<p>Je\u00a0vous propose :<br \/>\n&#8211; des coupes selon vos envies, en respectant la nature et l&rsquo;implantation de vos cheveux,<br \/>\n&#8211; des brushings,<br \/>\n&#8211; des couleurs 100% v\u00e9g\u00e9tales,<br \/>\n&#8211; la vente de shampoings, de soins labellis\u00e9s et produits coiffants.<\/p>\n","protected":false},"excerpt":{"rendered":"<p>Coiffeuse exp\u00e9riment\u00e9e et passionn\u00e9e, je d\u00e9sire mettre mes comp\u00e9tences \u00e0 votre service en accord avec mes convictions, c&rsquo;est \u00e0 dire dans le respect du cheveu, de la personne et de la nature. Je me d\u00e9place chez vous\u00a0 dans le secteur de Ch\u00e2tenay-Malabry (92). Je\u00a0vous propose : &#8211; des coupes selon vos envies, en respectant la &hellip; <\/p>\n<p class=\"link-more\"><a href=\"https:\/\/www.kristl.fr\/\" class=\"more-link\">Continuer la lecture<span class=\"screen-reader-text\"> de &laquo;&nbsp;accueil&nbsp;&raquo;<\/span><\/a><\/p>\n","protected":false},"author":1,"featured_media":0,"parent":0,"menu_order":0,"comment_status":"closed","ping_status":"closed","template":"","meta":[],"_links":{"self":[{"href":"https:\/\/www.kristl.fr\/index.php\/wp-json\/wp\/v2\/pages\/42"}],"collection":[{"href":"https:\/\/www.kristl.fr\/index.php\/wp-json\/wp\/v2\/pages"}],"about":[{"href":"https:\/\/www.kristl.fr\/index.php\/wp-json\/wp\/v2\/types\/page"}],"author":[{"embeddable":true,"href":"https:\/\/www.kristl.fr\/index.php\/wp-json\/wp\/v2\/users\/1"}],"replies":[{"embeddable":true,"href":"https:\/\/www.kristl.fr\/index.php\/wp-json\/wp\/v2\/comments?post=42"}],"version-history":[{"count":3,"href":"https:\/\/www.kristl.fr\/index.php\/wp-json\/wp\/v2\/pages\/42\/revisions"}],"predecessor-version":[{"id":661,"href":"https:\/\/www.kristl.fr\/index.php\/wp-json\/wp\/v2\/pages\/42\/revisions\/661"}],"wp:attachment":[{"href":"https:\/\/www.kristl.fr\/index.php\/wp-json\/wp\/v2\/media?parent=42"}],"curies":[{"name":"wp","href":"https:\/\/api.w.org\/{rel}","templated":true}]}}